{"id":907,"date":"2023-05-22T08:35:04","date_gmt":"2023-05-22T06:35:04","guid":{"rendered":"https:\/\/dimex.pl\/kontenery-morskie\/?page_id=907"},"modified":"2023-05-22T08:35:04","modified_gmt":"2023-05-22T06:35:04","slug":"tabela-cookies","status":"publish","type":"page","link":"https:\/\/dimex.pl\/kontenery-morskie\/tabela-cookies\/","title":{"rendered":"Tabela Cookies"},"content":{"rendered":"<h1>Tabela Cookies<\/h1>\n<table class=\"table table-striped\">\n<tbody>\n<tr>\n<td>Nazwa\u00a0<\/td>\n<td>Kategoria<\/td>\n<td>Rodzaj\u00a0<\/td>\n<td>\u0179r\u00f3d\u0142o<\/td>\n<td>Czas przechowywania<\/td>\n<td>Opis zastosowania\u00a0<\/td>\n<\/tr>\n<tr>\n<td>unikatowa nazwa generowana dynamicznie<\/td>\n<td>niezb\u0119dne<\/td>\n<td>sesyjne<\/td>\n<td>pliki w\u0142asne strony<\/td>\n<td>przez czas sesji\u00a0<\/td>\n<td>S\u0105 niezb\u0119dne do\u00a0poprawnego dzia\u0142ania strony np. wy\u015bwietlania odpowiedniej wersji j\u0119zykowej.<\/td>\n<\/tr>\n<tr>\n<td>cookiesDirective<\/td>\n<td>niezb\u0119dne<\/td>\n<td>sta\u0142y<\/td>\n<td>pliki w\u0142asne strony<\/td>\n<td>do 365 dni<\/td>\n<td>S\u0142u\u017cy do zapisywania informacji, czy dla danego u\u017cytkownika wy\u015bwietla\u0107\u00a0 ponownie komunikat o plikach cookie w przypadku, kiedy u\u017cytkownik zaznaczy\u0142 conajmniej jedn\u0105 z opcjonalnych zg\u00f3d. Dzi\u0119ki niemu baner z informacj\u0105 o plikach cookie nie jest wy\u015bwietlany przy ka\u017cdej wizycie u\u017cytkownika.<\/td>\n<\/tr>\n<tr>\n<td>cpnb_cookiesSettings<\/td>\n<td>niezb\u0119dne<\/td>\n<td>sta\u0142y<\/td>\n<td>pliki w\u0142asne strony<\/td>\n<td>do 365 dni<\/td>\n<td>S\u0142u\u017cy do zbierania informacji o statusie zg\u00f3d na pliki cookie wyra\u017conych przez u\u017cytkownika podczas jego wizyty na stronie.<\/td>\n<\/tr>\n<tr>\n<td>cpnbCookiesDeclined<\/td>\n<td>niezb\u0119dne<\/td>\n<td>sta\u0142y<\/td>\n<td>pliki w\u0142asne strony<\/td>\n<td>do 180 dni<\/td>\n<td>Ten plik s\u0142u\u017cy do zapisywania informacji, czy dla danego u\u017cytkownika wy\u015bwietla\u0107\u00a0 ponownie komunikat o plikach cookie w przypadku, kiedy u\u017cytkownik odrzuci\u0142 wszytkie opcjonalne zgody. Dzi\u0119ki niemu baner z informacj\u0105 o plikach cookie nie jest wy\u015bwietlany przy ka\u017cdej wizycie u\u017cytkownika.<\/td>\n<\/tr>\n<tr>\n<td>_GRECAPTCHA<\/td>\n<td>niezb\u0119dne<\/td>\n<td>sta\u0142y<\/td>\n<td>Google<\/td>\n<td>do 180 dni<\/td>\n<td>Ten plik pochodzi z narz\u0119dzia Google reCAPTCHA, kt\u00f3re s\u0142u\u017cy do ochrony przed spamem.\u00a0<\/td>\n<\/tr>\n<tr>\n<td>\u00a0_ga<\/td>\n<td>analityczne<\/td>\n<td>sta\u0142y<\/td>\n<td>Google<\/td>\n<td>do 2 lat<\/td>\n<td>Umo\u017cliwia rozr\u00f3\u017cnianie poszczeg\u00f3lnych u\u017cytkownik\u00f3w i \u015bledzenie w jaki spos\u00f3b korzystaj\u0105 oni z witryny\u00a0 internetowej. Dane s\u0105 wykorzystywane do generowania statystyk u\u017cytkowania witryny bez identyfikowania poszczeg\u00f3lnych u\u017cytkownik\u00f3w. Ten plik pochodzi z narz\u0119dzia Google Analitycs.<\/td>\n<\/tr>\n<tr>\n<td>_gac<\/td>\n<td>analityczne<\/td>\n<td>sta\u0142y<\/td>\n<td>Google<\/td>\n<td>do 90 dni\u00a0<\/td>\n<td>S\u0142u\u017cy do mierzenia aktywno\u015bci u\u017cytkownik\u00f3w oraz skuteczno\u015bci kampanii reklamowych. Ten plik pochodzi z narz\u0119dzia Google Analitycs.<\/td>\n<\/tr>\n<tr>\n<td>_gcl_xxxx<\/td>\n<td>analityczne<\/td>\n<td>sta\u0142y<\/td>\n<td>Google<\/td>\n<td>do 90 dni\u00a0<\/td>\n<td>Te pliki s\u0105 u\u017cywane przede wszystkim do informowania, ile razy u\u017cytkownicy, kt\u00f3rzy klikn\u0119li reklamy, wykonali dzia\u0142anie w\u00a0ich witrynie (na przyk\u0142ad dokonali zakupu). Pliki cookie s\u0142u\u017c\u0105ce do pomiaru wsp\u00f3\u0142czynnik\u00f3w konwersji nie s\u0105 u\u017cywane do personalizacji reklam. Te pliki pochodz\u0105 z narz\u0119dzia Google Analitycs.<\/td>\n<\/tr>\n<tr>\n<td>_gid<\/td>\n<td>analityczne<\/td>\n<td>sta\u0142y<\/td>\n<td>Google<\/td>\n<td>do 24 godzin\u00a0<\/td>\n<td>S\u0142u\u017cy do rozr\u00f3\u017cniania u\u017cytkownik\u00f3w oraz przechowywania identyfikatora sesji (odwiedzin). Ten plik pochodzi z narz\u0119dzia Google Analitycs.<\/td>\n<\/tr>\n<tr>\n<td>_gat<\/td>\n<td>analityczne<\/td>\n<td>sta\u0142y<\/td>\n<td>Google<\/td>\n<td>do 1 minuty<\/td>\n<td>S\u0142u\u017cy do ograniczania szybko\u015bci \u017c\u0105da\u0144. G\u0142\u00f3wnym celem jest poprawa wydajno\u015bci witryny. Je\u015bli us\u0142uga Google Analytics zostanie wdro\u017cona za pomoc\u0105 Mened\u017cera tag\u00f3w Google, ten plik cookie b\u0119dzie mia\u0142 nazw\u0119 _gat_gtag_&lt;id_us\u0142ugi&gt;.<\/td>\n<\/tr>\n<tr>\n<td>fr<\/td>\n<td>reklamowe<\/td>\n<td>sta\u0142y<\/td>\n<td>Facebook<\/td>\n<td>do 90 dni\u00a0<\/td>\n<td>Ten plik wykorzystuje si\u0119 do dostarczania odpowiednich reklam u\u017cytkownikom witryny, a tak\u017ce do pomiaru skuteczno\u015bci i zwi\u0119kszania trafno\u015bci reklam.<\/td>\n<\/tr>\n<tr>\n<td>_fbp<\/td>\n<td>reklamowe<\/td>\n<td>sta\u0142y<\/td>\n<td>Facebook<\/td>\n<td>do 90 dni<\/td>\n<td>S\u0142u\u017cy do zliczania, ile razy wy\u015bwietlana jest dana reklama oraz do obliczenia jej kosztu. Plik ten \u015bledzi tak\u017ce zachowanie u\u017cytkownika na stronach, kt\u00f3re maj\u0105 piksel Facebooka lub wtyczk\u0119 spo\u0142eczno\u015bciow\u0105 Facebooka. Identyfikuje przegl\u0105darki do cel\u00f3w dostarczania us\u0142ug reklamowych i zwi\u0105zanych z analiz\u0105 witryny.<\/td>\n<\/tr>\n<\/tbody>\n<\/table>\n","protected":false},"excerpt":{"rendered":"<p>Tabela Cookies Nazwa\u00a0 Kategoria Rodzaj\u00a0 \u0179r\u00f3d\u0142o Czas przechowywania Opis zastosowania\u00a0 unikatowa nazwa generowana dynamicznie niezb\u0119dne sesyjne pliki w\u0142asne strony przez czas sesji\u00a0 S\u0105 niezb\u0119dne do\u00a0poprawnego dzia\u0142ania strony np. wy\u015bwietlania odpowiedniej wersji j\u0119zykowej. cookiesDirective niezb\u0119dne sta\u0142y pliki w\u0142asne strony do 365 dni S\u0142u\u017cy do zapisywania informacji,&#8230;<\/p>\n","protected":false},"author":1,"featured_media":0,"parent":0,"menu_order":0,"comment_status":"closed","ping_status":"closed","template":"","meta":[],"yoast_head":"<!-- This site is optimized with the Yoast SEO plugin v18.1 - https:\/\/yoast.com\/wordpress\/plugins\/seo\/ -->\n<meta name=\"robots\" content=\"index, follow, max-snippet:-1, max-image-preview:large, max-video-preview:-1\" \/>\n<link rel=\"canonical\" href=\"https:\/\/dimex.pl\/kontenery-morskie\/tabela-cookies\/\" \/>\n<meta property=\"og:locale\" content=\"pl_PL\" \/>\n<meta property=\"og:type\" content=\"article\" \/>\n<meta property=\"og:title\" content=\"Tabela Cookies - P.P.H.U. &quot;DIMEX&quot; Sp. z o.o.\" \/>\n<meta property=\"og:description\" content=\"Tabela Cookies Nazwa\u00a0 Kategoria Rodzaj\u00a0 \u0179r\u00f3d\u0142o Czas przechowywania Opis zastosowania\u00a0 unikatowa nazwa generowana dynamicznie niezb\u0119dne sesyjne pliki w\u0142asne strony przez czas sesji\u00a0 S\u0105 niezb\u0119dne do\u00a0poprawnego dzia\u0142ania strony np. wy\u015bwietlania odpowiedniej wersji j\u0119zykowej. cookiesDirective niezb\u0119dne sta\u0142y pliki w\u0142asne strony do 365 dni S\u0142u\u017cy do zapisywania informacji,...\" \/>\n<meta property=\"og:url\" content=\"https:\/\/dimex.pl\/kontenery-morskie\/tabela-cookies\/\" \/>\n<meta property=\"og:site_name\" content=\"P.P.H.U. &quot;DIMEX&quot; Sp. z o.o.\" \/>\n<meta name=\"twitter:card\" content=\"summary\" \/>\n<meta name=\"twitter:label1\" content=\"Szacowany czas czytania\" \/>\n\t<meta name=\"twitter:data1\" content=\"3 minuty\" \/>\n<script type=\"application\/ld+json\" class=\"yoast-schema-graph\">{\"@context\":\"https:\/\/schema.org\",\"@graph\":[{\"@type\":\"Organization\",\"@id\":\"https:\/\/dimex.pl\/kontenery-morskie\/#organization\",\"name\":\"P.P.H.U. \\\"DIMEX\\\" Sp. z o.o.\",\"url\":\"https:\/\/dimex.pl\/kontenery-morskie\/\",\"sameAs\":[],\"logo\":{\"@type\":\"ImageObject\",\"@id\":\"https:\/\/dimex.pl\/kontenery-morskie\/#logo\",\"inLanguage\":\"pl-PL\",\"url\":\"https:\/\/dimex.pl\/kontenery-morskie\/wp-content\/uploads\/2017\/10\/logo.gif\",\"contentUrl\":\"https:\/\/dimex.pl\/kontenery-morskie\/wp-content\/uploads\/2017\/10\/logo.gif\",\"width\":240,\"height\":170,\"caption\":\"P.P.H.U. \\\"DIMEX\\\" Sp. z o.o.\"},\"image\":{\"@id\":\"https:\/\/dimex.pl\/kontenery-morskie\/#logo\"}},{\"@type\":\"WebSite\",\"@id\":\"https:\/\/dimex.pl\/kontenery-morskie\/#website\",\"url\":\"https:\/\/dimex.pl\/kontenery-morskie\/\",\"name\":\"P.P.H.U. &quot;DIMEX&quot; Sp. z o.o.\",\"description\":\"\",\"publisher\":{\"@id\":\"https:\/\/dimex.pl\/kontenery-morskie\/#organization\"},\"potentialAction\":[{\"@type\":\"SearchAction\",\"target\":{\"@type\":\"EntryPoint\",\"urlTemplate\":\"https:\/\/dimex.pl\/kontenery-morskie\/?s={search_term_string}\"},\"query-input\":\"required name=search_term_string\"}],\"inLanguage\":\"pl-PL\"},{\"@type\":\"WebPage\",\"@id\":\"https:\/\/dimex.pl\/kontenery-morskie\/tabela-cookies\/#webpage\",\"url\":\"https:\/\/dimex.pl\/kontenery-morskie\/tabela-cookies\/\",\"name\":\"Tabela Cookies - P.P.H.U. &quot;DIMEX&quot; Sp. z o.o.\",\"isPartOf\":{\"@id\":\"https:\/\/dimex.pl\/kontenery-morskie\/#website\"},\"datePublished\":\"2023-05-22T06:35:04+00:00\",\"dateModified\":\"2023-05-22T06:35:04+00:00\",\"breadcrumb\":{\"@id\":\"https:\/\/dimex.pl\/kontenery-morskie\/tabela-cookies\/#breadcrumb\"},\"inLanguage\":\"pl-PL\",\"potentialAction\":[{\"@type\":\"ReadAction\",\"target\":[\"https:\/\/dimex.pl\/kontenery-morskie\/tabela-cookies\/\"]}]},{\"@type\":\"BreadcrumbList\",\"@id\":\"https:\/\/dimex.pl\/kontenery-morskie\/tabela-cookies\/#breadcrumb\",\"itemListElement\":[{\"@type\":\"ListItem\",\"position\":1,\"name\":\"Strona g\u0142\u00f3wna\",\"item\":\"https:\/\/dimex.pl\/kontenery-morskie\/\"},{\"@type\":\"ListItem\",\"position\":2,\"name\":\"Tabela Cookies\"}]}]}<\/script>\n<!-- \/ Yoast SEO plugin. -->","yoast_head_json":{"robots":{"index":"index","follow":"follow","max-snippet":"max-snippet:-1","max-image-preview":"max-image-preview:large","max-video-preview":"max-video-preview:-1"},"canonical":"https:\/\/dimex.pl\/kontenery-morskie\/tabela-cookies\/","og_locale":"pl_PL","og_type":"article","og_title":"Tabela Cookies - P.P.H.U. &quot;DIMEX&quot; Sp. z o.o.","og_description":"Tabela Cookies Nazwa\u00a0 Kategoria Rodzaj\u00a0 \u0179r\u00f3d\u0142o Czas przechowywania Opis zastosowania\u00a0 unikatowa nazwa generowana dynamicznie niezb\u0119dne sesyjne pliki w\u0142asne strony przez czas sesji\u00a0 S\u0105 niezb\u0119dne do\u00a0poprawnego dzia\u0142ania strony np. wy\u015bwietlania odpowiedniej wersji j\u0119zykowej. cookiesDirective niezb\u0119dne sta\u0142y pliki w\u0142asne strony do 365 dni S\u0142u\u017cy do zapisywania informacji,...","og_url":"https:\/\/dimex.pl\/kontenery-morskie\/tabela-cookies\/","og_site_name":"P.P.H.U. &quot;DIMEX&quot; Sp. z o.o.","twitter_card":"summary","twitter_misc":{"Szacowany czas czytania":"3 minuty"},"schema":{"@context":"https:\/\/schema.org","@graph":[{"@type":"Organization","@id":"https:\/\/dimex.pl\/kontenery-morskie\/#organization","name":"P.P.H.U. \"DIMEX\" Sp. z o.o.","url":"https:\/\/dimex.pl\/kontenery-morskie\/","sameAs":[],"logo":{"@type":"ImageObject","@id":"https:\/\/dimex.pl\/kontenery-morskie\/#logo","inLanguage":"pl-PL","url":"https:\/\/dimex.pl\/kontenery-morskie\/wp-content\/uploads\/2017\/10\/logo.gif","contentUrl":"https:\/\/dimex.pl\/kontenery-morskie\/wp-content\/uploads\/2017\/10\/logo.gif","width":240,"height":170,"caption":"P.P.H.U. \"DIMEX\" Sp. z o.o."},"image":{"@id":"https:\/\/dimex.pl\/kontenery-morskie\/#logo"}},{"@type":"WebSite","@id":"https:\/\/dimex.pl\/kontenery-morskie\/#website","url":"https:\/\/dimex.pl\/kontenery-morskie\/","name":"P.P.H.U. &quot;DIMEX&quot; Sp. z o.o.","description":"","publisher":{"@id":"https:\/\/dimex.pl\/kontenery-morskie\/#organization"},"potentialAction":[{"@type":"SearchAction","target":{"@type":"EntryPoint","urlTemplate":"https:\/\/dimex.pl\/kontenery-morskie\/?s={search_term_string}"},"query-input":"required name=search_term_string"}],"inLanguage":"pl-PL"},{"@type":"WebPage","@id":"https:\/\/dimex.pl\/kontenery-morskie\/tabela-cookies\/#webpage","url":"https:\/\/dimex.pl\/kontenery-morskie\/tabela-cookies\/","name":"Tabela Cookies - P.P.H.U. &quot;DIMEX&quot; Sp. z o.o.","isPartOf":{"@id":"https:\/\/dimex.pl\/kontenery-morskie\/#website"},"datePublished":"2023-05-22T06:35:04+00:00","dateModified":"2023-05-22T06:35:04+00:00","breadcrumb":{"@id":"https:\/\/dimex.pl\/kontenery-morskie\/tabela-cookies\/#breadcrumb"},"inLanguage":"pl-PL","potentialAction":[{"@type":"ReadAction","target":["https:\/\/dimex.pl\/kontenery-morskie\/tabela-cookies\/"]}]},{"@type":"BreadcrumbList","@id":"https:\/\/dimex.pl\/kontenery-morskie\/tabela-cookies\/#breadcrumb","itemListElement":[{"@type":"ListItem","position":1,"name":"Strona g\u0142\u00f3wna","item":"https:\/\/dimex.pl\/kontenery-morskie\/"},{"@type":"ListItem","position":2,"name":"Tabela Cookies"}]}]}},"_links":{"self":[{"href":"https:\/\/dimex.pl\/kontenery-morskie\/wp-json\/wp\/v2\/pages\/907"}],"collection":[{"href":"https:\/\/dimex.pl\/kontenery-morskie\/wp-json\/wp\/v2\/pages"}],"about":[{"href":"https:\/\/dimex.pl\/kontenery-morskie\/wp-json\/wp\/v2\/types\/page"}],"author":[{"embeddable":true,"href":"https:\/\/dimex.pl\/kontenery-morskie\/wp-json\/wp\/v2\/users\/1"}],"replies":[{"embeddable":true,"href":"https:\/\/dimex.pl\/kontenery-morskie\/wp-json\/wp\/v2\/comments?post=907"}],"version-history":[{"count":1,"href":"https:\/\/dimex.pl\/kontenery-morskie\/wp-json\/wp\/v2\/pages\/907\/revisions"}],"predecessor-version":[{"id":908,"href":"https:\/\/dimex.pl\/kontenery-morskie\/wp-json\/wp\/v2\/pages\/907\/revisions\/908"}],"wp:attachment":[{"href":"https:\/\/dimex.pl\/kontenery-morskie\/wp-json\/wp\/v2\/media?parent=907"}],"curies":[{"name":"wp","href":"https:\/\/api.w.org\/{rel}","templated":true}]}}